{"id":22,"date":"2011-03-06T23:46:48","date_gmt":"2011-03-06T22:46:48","guid":{"rendered":"http:\/\/church.netstudio.co.za\/?page_id=22"},"modified":"2019-08-06T08:38:47","modified_gmt":"2019-08-06T06:38:47","slug":"konzertarchiv","status":"publish","type":"page","link":"https:\/\/www.cameratavocale.de\/wordpress\/konzertarchiv\/","title":{"rendered":"Vergangene Konzerte"},"content":{"rendered":"<div id='div_events-pagination-top_112290209_1776482910_356' class='events-pagination-top'> <a class='eme_nav_left' href='\/wordpress\/wp-json\/wp\/v2\/pages\/22?eme_offset=-1'>&lt;&lt; Vorheriges Jahr<\/a><a class='eme_nav_right' style='visibility:hidden;' href='#'>N\u00e4chstes Jahr &gt;&gt;<\/a><span class='eme_nav_center'>2026<\/span><\/div><ul class='eme_events_list'><li class='eme_period'>2026<\/li><h2>10. Mai 2026 - 15:00 Uhr<\/h2><p><a href='https:\/\/www.cameratavocale.de\/wordpress\/events\/stars-sterne-2\/' title='Stars - Zwischen Himmel und Erde'>Stars &#8211; Zwischen Himmel und Erde<\/a> in Wettenhausen<\/p><p><p>Stars &#8211; Zwischen Himmel und Erde Muttertagskonzert im Kaisersaal des Kloster Sonntag, 10. Mai 2026, 15 Uhr online-Tickets zu 15\u20ac \/ 10\u20ac erm\u00e4\u00dfigt (Sch\u00fcler, Studierende, Auszubildende, Schwerbehinderte)\u00a0sind hier erh\u00e4ltlich oder ab 1h vor Konzertbeginn an der Tageskasse camerata vocale e.V. aus G\u00fcnzburg Leitung: J\u00fcrgen Rettenmaier Der Chor camerata vocale l\u00e4dt in diesem Jahr wieder im&hellip;<\/p>\n<\/p><h2>9. Mai 2026 - 19:00 Uhr<\/h2><p><a href='https:\/\/www.cameratavocale.de\/wordpress\/events\/stars-sterne\/' title='Stars - Zwischen Himmel und Erde'>Stars &#8211; Zwischen Himmel und Erde<\/a> in Binswangen<\/p><p><p>&#8222;Stars &#8211; zwischen Himmel und Erde&#8220; Samstag, 9. Mai 2026, 19.00 Uhr Synagoge Binswangen camerata vocale e.V. aus G\u00fcnzburg Leitung: J\u00fcrgen Rettenmaier Eintritt: 15 \u20ac regul\u00e4r \/ 10 \u20ac erm\u00e4\u00dfigt (Sch\u00fcler, Studierende, Auszubildende, Schwerbehinderte) Kartenvorverkauf: online-Tickets sind hier erh\u00e4ltlich\u00a0oder ab 1h Stunde vor Konzertbeginn an der Abendkasse Der Chor camerata vocale l\u00e4dt in diesem Jahr&hellip;<\/p>\n<\/p><hr><div id='div_events-pagination-bottom_112290209_1776482910_356' class='events-pagination-bottom'> <a class='eme_nav_left' href='\/wordpress\/wp-json\/wp\/v2\/pages\/22?eme_offset=-1'>&lt;&lt; Vorheriges Jahr<\/a><a class='eme_nav_right' style='visibility:hidden;' href='#'>N\u00e4chstes Jahr &gt;&gt;<\/a><span class='eme_nav_center'>2026<\/span><\/div>\n<p>&nbsp;<\/p>\n<p><code><br \/>\n<\/code><code><\/code><\/p>\n","protected":false},"excerpt":{"rendered":"<p>&nbsp;<\/p>\n","protected":false},"author":1,"featured_media":2131,"parent":0,"menu_order":0,"comment_status":"closed","ping_status":"closed","template":"","meta":{"ngg_post_thumbnail":0},"yoast_head":"<!-- This site is optimized with the Yoast SEO plugin v15.4 - https:\/\/yoast.com\/wordpress\/plugins\/seo\/ -->\n<title>Vergangene Konzerte - camerata vocale<\/title>\n<meta name=\"robots\" content=\"index, follow, max-snippet:-1, max-image-preview:large, max-video-preview:-1\" \/>\n<link rel=\"canonical\" href=\"https:\/\/www.cameratavocale.de\/wordpress\/konzertarchiv\/\" \/>\n<meta property=\"og:locale\" content=\"de_DE\" \/>\n<meta property=\"og:type\" content=\"article\" \/>\n<meta property=\"og:title\" content=\"Vergangene Konzerte - camerata vocale\" \/>\n<meta property=\"og:description\" content=\"&nbsp;\" \/>\n<meta property=\"og:url\" content=\"https:\/\/www.cameratavocale.de\/wordpress\/konzertarchiv\/\" \/>\n<meta property=\"og:site_name\" content=\"camerata vocale\" \/>\n<meta property=\"article:modified_time\" content=\"2019-08-06T06:38:47+00:00\" \/>\n<meta property=\"og:image\" content=\"https:\/\/www.cameratavocale.de\/wordpress\/wp-content\/uploads\/2011\/03\/cvgz_Pressebild1.jpg\" \/>\n\t<meta property=\"og:image:width\" content=\"1996\" \/>\n\t<meta property=\"og:image:height\" content=\"1331\" \/>\n<meta name=\"twitter:card\" content=\"summary_large_image\" \/>\n<meta name=\"twitter:label1\" content=\"Verfasst von\">\n\t<meta name=\"twitter:data1\" content=\"admin\">\n\t<meta name=\"twitter:label2\" content=\"Gesch\u00e4tzte Lesezeit\">\n\t<meta name=\"twitter:data2\" content=\"0 Minuten\">\n<script type=\"application\/ld+json\" class=\"yoast-schema-graph\">{\"@context\":\"https:\/\/schema.org\",\"@graph\":[{\"@type\":\"Organization\",\"@id\":\"https:\/\/www.cameratavocale.de\/wordpress\/#organization\",\"name\":\"camerata vocale e.V.\",\"url\":\"https:\/\/www.cameratavocale.de\/wordpress\/\",\"sameAs\":[],\"logo\":{\"@type\":\"ImageObject\",\"@id\":\"https:\/\/www.cameratavocale.de\/wordpress\/#logo\",\"inLanguage\":\"de-DE\",\"url\":\"https:\/\/www.cameratavocale.de\/wordpress\/wp-content\/uploads\/2019\/08\/Logo_neu_anja2-1.png\",\"width\":1000,\"height\":304,\"caption\":\"camerata vocale e.V.\"},\"image\":{\"@id\":\"https:\/\/www.cameratavocale.de\/wordpress\/#logo\"}},{\"@type\":\"WebSite\",\"@id\":\"https:\/\/www.cameratavocale.de\/wordpress\/#website\",\"url\":\"https:\/\/www.cameratavocale.de\/wordpress\/\",\"name\":\"camerata vocale\",\"description\":\"Geistliche und weltliche Werke der Chorliteratur\",\"publisher\":{\"@id\":\"https:\/\/www.cameratavocale.de\/wordpress\/#organization\"},\"potentialAction\":[{\"@type\":\"SearchAction\",\"target\":\"https:\/\/www.cameratavocale.de\/wordpress\/?s={search_term_string}\",\"query-input\":\"required name=search_term_string\"}],\"inLanguage\":\"de-DE\"},{\"@type\":\"ImageObject\",\"@id\":\"https:\/\/www.cameratavocale.de\/wordpress\/konzertarchiv\/#primaryimage\",\"inLanguage\":\"de-DE\",\"url\":\"https:\/\/www.cameratavocale.de\/wordpress\/wp-content\/uploads\/2011\/03\/cvgz_Pressebild1.jpg\",\"width\":1996,\"height\":1331,\"caption\":\"camerata vocale im Kaisersaal des Klosters in Wettenhausen\"},{\"@type\":\"WebPage\",\"@id\":\"https:\/\/www.cameratavocale.de\/wordpress\/konzertarchiv\/#webpage\",\"url\":\"https:\/\/www.cameratavocale.de\/wordpress\/konzertarchiv\/\",\"name\":\"Vergangene Konzerte - camerata vocale\",\"isPartOf\":{\"@id\":\"https:\/\/www.cameratavocale.de\/wordpress\/#website\"},\"primaryImageOfPage\":{\"@id\":\"https:\/\/www.cameratavocale.de\/wordpress\/konzertarchiv\/#primaryimage\"},\"datePublished\":\"2011-03-06T22:46:48+00:00\",\"dateModified\":\"2019-08-06T06:38:47+00:00\",\"inLanguage\":\"de-DE\",\"potentialAction\":[{\"@type\":\"ReadAction\",\"target\":[\"https:\/\/www.cameratavocale.de\/wordpress\/konzertarchiv\/\"]}]}]}<\/script>\n<!-- \/ Yoast SEO plugin. -->","_links":{"self":[{"href":"https:\/\/www.cameratavocale.de\/wordpress\/wp-json\/wp\/v2\/pages\/22"}],"collection":[{"href":"https:\/\/www.cameratavocale.de\/wordpress\/wp-json\/wp\/v2\/pages"}],"about":[{"href":"https:\/\/www.cameratavocale.de\/wordpress\/wp-json\/wp\/v2\/types\/page"}],"author":[{"embeddable":true,"href":"https:\/\/www.cameratavocale.de\/wordpress\/wp-json\/wp\/v2\/users\/1"}],"replies":[{"embeddable":true,"href":"https:\/\/www.cameratavocale.de\/wordpress\/wp-json\/wp\/v2\/comments?post=22"}],"version-history":[{"count":42,"href":"https:\/\/www.cameratavocale.de\/wordpress\/wp-json\/wp\/v2\/pages\/22\/revisions"}],"predecessor-version":[{"id":2701,"href":"https:\/\/www.cameratavocale.de\/wordpress\/wp-json\/wp\/v2\/pages\/22\/revisions\/2701"}],"wp:featuredmedia":[{"embeddable":true,"href":"https:\/\/www.cameratavocale.de\/wordpress\/wp-json\/wp\/v2\/media\/2131"}],"wp:attachment":[{"href":"https:\/\/www.cameratavocale.de\/wordpress\/wp-json\/wp\/v2\/media?parent=22"}],"curies":[{"name":"wp","href":"https:\/\/api.w.org\/{rel}","templated":true}]}}